its digit of f(6)?
0
What is the hundreds digit of -1*(-665)/((-25)/(-5))?
1
Let c(l) = l + 7. Let y be c(-8). Let t be (y - 9/(-6))*14. What is the units digit of 2/t + (-246)/(-21)?
2
Suppose -6*o - 4 = 4*f - 2*o, 2*f + o + 1 = 0. Let s = f + 1. What is the units digit of s?
1
Suppose 15*j + 152 = 17*j. What is the tens digit of j?
7
Let s(z) = z - 7. Let j be s(9). Let y = j + 1. What is the units digit of y?
3
Let s be (-5)/(-1) - (3 + -1). Suppose 5*a = -2*q - 0*a + s, -3*q + 4*a = -16. What is the units digit of (2 + -4)/(q/(-22))?
1
Suppose -r = 2*k - 23, r + 2*r - 9 = 0. What is the units digit of ((-4)/k)/(4/(-60))?
6
Suppose -3 = -0*c + 3*c. What is the tens digit of ((3 - c) + -3)*11?
1
Suppose -f - 3 + 65 = -y, 4*f - 252 = 5*y. Suppose 5*v - f = 3*v. What is the units digit of v?
9
Let o = -4 + 4. Suppose 5*d + o*d - 20 = 0. Let n = d + -3. What is the units digit of n?
1
Suppose -22 = -5*l - o, 5*l = -4*o - 4 + 32. Suppose 0*w + w - 19 = l*y, -4*w + 54 = -5*y. What is the tens digit of w?
1
Let z = 103 + -80. What is the units digit of z?
3
Suppose 2*o - a - 178 = a, -4*o = 4*a - 364. What is the units digit of o?
0
Suppose -3*l - u + 11 = -19, u - 3 = 0. Suppose 2*s - 3*q = l + 19, -5*s + 4*q = -70. What is the units digit of s?
4
Let j(x) = 14*x**3 - 3*x**2 - 6*x + 10. What is the tens digit of j(3)?
4
Let m(z) = 6*z**2 + 9*z - 19. What is the hundreds digit of m(-6)?
1
Suppose 4*n - 4*p - 8 = 0, -2*n + 2 = 5*p - 9. Let i = 3 - n. Suppose i = 2*b - 28. What is the tens digit of b?
1
Suppose 5*b - 169 - 36 = 0. What is the tens digit of b?
4
Suppose -5*l - 25 + 55 = 0. What is the units digit of l?
6
Let x(q) = q**2 - q - 2. Let o = 7 - 11. What is the units digit of x(o)?
8
Let r = -9 + 25. What is the units digit of r?
6
Let o(j) = 6*j + 4. Let p be o(9). Let u = p + -38. What is the tens digit of u?
2
Let y(r) = 9*r**3 - 2*r**2 + r - 3. What is the tens digit of y(2)?
6
What is the units digit of 4/16 - 54/(-8)?
7
Let w be 3/9 + 70/15. Let i(m) = -m**3 + 6*m**2 - 3*m + 5. What is the units digit of i(w)?
5
Suppose -32*q - 72 = -34*q. What is the tens digit of q?
3
Let b = -34 + 65. What is the units digit of b?
1
Let a = -13 - -18. Suppose 26 = 3*h + a. What is the units digit of h?
7
Let x be (-1 - 1)*(0 - 1). Let i be 2/2 + -3 + 10. Suppose -12 = -v + m, -3*v - 4*m - i = -x*v. What is the units digit of v?
8
Let n = 26 + -246. Let g be n/(-18) - 4/18. Suppose -2*i + 0 = -g. What is the units digit of i?
6
Let d be 2 + (-2 - -2) + -1. Let f be (6/(-8) + d)*4. Let u = 5 - f. What is the units digit of u?
4
What is the tens digit of -62*((-15)/3 - -3)?
2
Let f = 0 - -1. Let q = f - 3. Let p = 7 - q. What is the units digit of p?
9
Let g(h) = -h**3 - 6*h**2 + h + 4. Let t be g(-3). Let r = -17 - t. What is the units digit of r?
9
Let a be 3*1 + -51 + 10. Suppose 4*b - 130 = 5*z, 0 = 2*z + z + 2*b + 78. Let k = z - a. What is the tens digit of k?
1
Suppose 2*r + f + 3*f = 250, 0 = -5*r - 5*f + 640. What is the hundreds digit of r?
1
Suppose 36 = -3*x - 3*w + 8*w, 70 = -5*x + 5*w. Let a = 42 + x. What is the units digit of a?
5
Let z(g) = g - 4. Let w(j) = -j + 7. Let f(r) = 6*w(r) + 11*z(r). What is the units digit of f(2)?
8
Suppose 29 + 34 = 3*j. Suppose j = 5*p - 34. What is the tens digit of p?
1
Let p = -3 + 4. Let l be (2 + p)*(-1)/(-3). What is the units digit of (l + 0)*(1 + 3)?
4
Suppose -5*c + s - 5*s + 634 = 0, 2*c + 5*s - 257 = 0. What is the units digit of c?
6
Let v(r) = 67*r**2 + r. Let c be v(2). What is the units digit of (c/(-24))/((-6)/32)?
0
Suppose -2 = -2*m + m. Suppose -2*p + 12 = m*p. Suppose -p = -i - 0. What is the units digit of i?
3
What is the units digit of 12*(0 - (-4)/3)?
6
Suppose -2*t = t - 33. Let w = 19 - t. What is the units digit of w?
8
Suppose -r - 5*w + 19 = -1, -w = -5*r + 22. Suppose -3*i - f + 65 = 0, r*f - 85 = i - 4*i. What is the units digit of i?
0
Let h = -17 - -38. Let b = 32 - h. What is the tens digit of b?
1
Suppose w - 2*l - 46 = 0, 5*w = -5*l + 161 + 99. What is the units digit of w?
0
Suppose 3*p = -2*p. Suppose p*l = -l. Suppose l = 2*v - 6, 2*m - m + 1 = 5*v. What is the tens digit of m?
1
Suppose -3*w = -6 - 9. Suppose 3*l - 10 = w. What is the units digit of l?
5
Let c(k) = 0 - k + 1 - 2*k. What is the units digit of c(-1)?
4
Suppose 0 = -3*t + 9. Suppose 5*m = -5*i + 70, -t*i - m + 24 = -4*m. What is the tens digit of i?
1
Let y be (-2)/(-2)*6/(-3). Let h = 13 - 12. What is the units digit of -2*(y + (2 - h))?
2
Let t(n) = n + 14. Let x be t(-11). Let z(l) = -l**3 + 6*l**2 - 3*l + 4. What is the units digit of z(x)?
2
Let h(s) = -8*s - 3. Let r = -10 + 8. What is the units digit of h(r)?
3
Let k(d) = -3*d - 6. Let q be k(-4). Let s = q + -4. Suppose -p + s = -3. What is the units digit of p?
5
Let z(i) = -2*i**3 - 4*i**2 - 2*i + 2. Suppose s = -3, 0*a + 3 = -2*a + s. What is the tens digit of z(a)?
2
Let n(u) = u**2 - 4. Suppose 0 = -2*r - 6. What is the units digit of n(r)?
5
Let k = 2 + 3. Suppose k*p = -7 + 22. What is the units digit of p?
3
What is the units digit of 0 - -2 - (-1 + -8)?
1
Let o = -2 - -5. Suppose j + 5 = -2*n, -3*j = -2*n + o + 4. Let p(t) = t**2 - t - 4. What is the units digit of p(j)?
8
Let g = 62 + -46. What is the units digit of g?
6
Let r be 2 + -2*(-2)/4. Suppose -l + r*l - 5*h - 44 = 0, -2*l + 8 = 4*h. What is the tens digit of l?
1
Suppose -2*u - 20 = -7*u. Let f(w) = 4*w**2 - w. Let q be f(-1). Suppose -d + 24 = -u*y, -3 - 26 = -d + q*y. What is the units digit of d?
4
Let d = 6 + -5. What is the units digit of (d - 2 - -6)*1?
5
Let o = -6 - -7. Let m = 7 + o. What is the units digit of m?
8
Let r(n) = n + 8. Let q be r(-7). Suppose -31 = 5*m - q. What is the units digit of 1*12*(-2)/m?
4
Let z = -17 + 33. Suppose 0 = -m + 5*l - l + z, -5*m = 5*l - 5. What is the units digit of m?
4
Let t be (0 + -3)*-5*4. Suppose -8*m - t = -12*m. What is the tens digit of m?
1
Let n be 1*2 + (-144)/(-4). Suppose 6*b - 16 - n = 0. What is the units digit of b?
9
Let d(s) be the first derivative of 3*s**2 + 1. What is the units digit of d(1)?
6
Let s = 102 - 97. Let m be (-1)/4 - 22/8. Let h = s + m. What is the units digit of h?
2
Suppose z + 2 = 3. Let j be (-6 + z)*(-1 - 1). What is the tens digit of 2 + 6/4*j?
1
Suppose 0 = 5*b - r - 138, 2*b = b - r + 24. What is the tens digit of b?
2
Let p(a) = a**2 - 2*a - 4. Let r(q) = q**2 - 6*q + 5. Let b be r(6). Let w be p(b). Suppose 0*t - w = -t. What is the tens digit of t?
1
Suppose 0*j - c = j - 3, 3*j + 1 = 2*c. Let s be ((-2)/(-4))/(j/18). Suppose -89 = -5*o - s. What is the tens digit of o?
1
Suppose -3*a - 2*a = 0. Suppose 4*m + 2 = -2. Let f = a - m. What is the units digit of f?
1
Let i = 576 - 404. Suppose 5*t - i = -57. Let o = -6 + t. What is the tens digit of o?
1
Suppose -2*s + 3*i + 4 = 0, 5 + 3 = 2*i. Suppose 0 = -2*m + 40 - s. What is the tens digit of m?
1
Suppose -4*j - 9 = 5*k, 0*j + 23 = 2*j - 3*k. Suppose -3*p = -9*c + j*c + 202, 3*c - 118 = p. What is the tens digit of c?
3
Let l be (-6)/(-21) + 1196/28. Let t = l - 23. What is the tens digit of t?
2
Suppose -10*l + 11*l = 53. What is the tens digit of l?
5
Suppose -4*k + 8*k = 8. Suppose -2*a - k*a = -80. What is the units digit of a?
0
Let r(u) be the first derivative of u**3/3 + u**2 + 3*u + 2. Let v(s) = -2*s**2 - 4*s - 3. Let x be v(-2). What is the units digit of r(x)?
6
Let x = 5 + -7. Let m = 0 - x. Suppose -z + m*b - 5 = 0, 0*b - b = -2*z - 1. What is the units digit of z?
1
Let s = 16 + -10. Let h(g) = g + 8. What is the tens digit of h(s)?
1
Let q = 10 + -7. Suppose -4*o - 3*n - 18 = 0, -3*o - n - 10 = q*n. What is the units digit of (-8)/o + 3/(-9)?
1
Let a = -156 + 171. What is the units digit of a?
5
Let m(o) = 8*o**2. Let r be m(-1). Let d = 25 - r. What is the units digit of d?
7
Suppose -2*s + 11 = -o, o - 1 + 4 = 0. Let a = 3 + -3. Suppose a*y = s*y - 56. What is the units digit of y?
4
Let r = 254 + -143. What is the units digit of r?
1
Let m be 1/(1/(-10)*-2). Let u(f) = -f**2 + 6*f - 4. Let x be u(m). What is the units digit of 1*(-3 + 12)*x?
9
Let f(a) be the third derivative of -a**6/720 + a**5/24 - a**4/24 - 2*a**2. Let o(p) be the second derivative of f(p). What is the units digit of o(-6)?
1
Let n(v) = v